lse
Is 374 a multiple of 11?
True
Is 393 a multiple of 57?
False
Is 3 a factor of 182?
False
Does 40 divide 383?
False
Is 15 a factor of 173490?
True
Does 18 divide 7498?
False
Is 3280 a multiple of 16?
True
Is 1157 a multiple of 120?
False
Is 180 a multiple of 60?
True
Is 5 a factor of 1304?
False
Is 3872 a multiple of 10?
False
Is 1162 a multiple of 7?
True
Does 22 divide 45514?
False
Is 18 a factor of 707?
False
Is 2372 a multiple of 4?
True
Is 13 a factor of 484?
False
Does 105 divide 6825?
True
Is 1579 a multiple of 18?
False
Is 3 a factor of 64?
False
Is 1611 a multiple of 101?
False
Is 2 a factor of 251?
False
Does 22 divide 11506?
True
Does 43 divide 850?
False
Is 2 a factor of 857?
False
Does 20 divide 104080?
True
Is 806 a multiple of 26?
True
Is 3025 a multiple of 11?
True
Is 25983 a multiple of 53?
False
Is 79 a factor of 395?
True
Is 18 a factor of 2736?
True
Is 474 a multiple of 42?
False
Is 249 a multiple of 83?
True
Is 35 a factor of 665?
True
Does 2 divide 18342?
True
Is 10 a factor of 5360?
True
Is 105 a factor of 2835?
True
Does 200 divide 15083?
False
Does 79 divide 395?
True
Is 3198 a multiple of 39?
True
Is 790 a multiple of 7?
False
Is 4 a factor of 228?
True
Is 18 a factor of 1005?
False
Is 2686 even?
True
Does 5 divide 10952?
False
Is 753 a multiple of 24?
False
Does 14 divide 1694?
True
Is 9720 a multiple of 36?
True
Is 745 a multiple of 48?
False
Does 5 divide 1113?
False
Is 26 a factor of 1982?
False
Does 23 divide 966?
True
Does 21 divide 22250?
False
Is 140 a factor of 5320?
True
Is 4005 a multiple of 89?
True
Is 1188 a multiple of 66?
True
Does 43 divide 774?
True
Is 12 a factor of 1452?
True
Does 6 divide 128?
False
Is 9 a factor of 992?
False
Is 9516 a multiple of 20?
False
Is 19 a factor of 7657?
True
Does 33 divide 15411?
True
Is 53 a factor of 2054?
False
Is 14 a factor of 6958?
True
Does 12 divide 55452?
True
Does 149 divide 26224?
True
Does 31 divide 7007?
False
Does 21 divide 20159?
False
Is 5 a factor of 1161?
False
Is 28820 a multiple of 131?
True
Does 31 divide 480?
False
Is 2322 a multiple of 18?
True
Does 16 divide 1696?
True
Does 40 divide 41400?
True
Is 396 even?
True
Does 6 divide 348?
True
Is 11786 a multiple of 83?
True
Is 3388 a multiple of 14?
True
Is 29 a factor of 16530?
True
Is 40 a multiple of 3?
False
Does 4 divide 27116?
True
Is 1822 a multiple of 8?
False
Does 45 divide 858?
False
Is 23 a factor of 1972?
False
Is 16 a factor of 336?
True
Does 8 divide 424?
True
Is 416 a multiple of 9?
False
Does 22 divide 2970?
True
Is 11699 a multiple of 137?
False
Is 52 a factor of 2137?
False
Is 8541 a multiple of 73?
True
Does 43 divide 31706?
False
Is 8 a factor of 216?
True
Is 27 a factor of 6372?
True
Does 17 divide 2482?
True
Does 18 divide 198?
True
Does 10 divide 2047?
False
Is 87 a factor of 25839?
True
Does 5 divide 1659?
False
Is 1024 a multiple of 8?
True
Is 889 a multiple of 5?
False
Is 244 a factor of 30166?
False
Does 18 divide 13868?
False
Is 76 a multiple of 9?
False
Is 15 a factor of 1252?
False
Is 51 a factor of 1224?
True
Is 486 a multiple of 81?
True
Is 11 a factor of 2260?
False
Is 30 a factor of 2008?
False
Is 4125 a multiple of 15?
True
Does 20 divide 18053?
False
Is 16 a factor of 388?
False
Is 418 a multiple of 2?
True
Is 9004 a multiple of 10?
False
Does 19 divide 830?
False
Is 23 a factor of 1047?
False
Does 11 divide 2396?
False
Does 5 divide 4127?
False
Is 8970 a multiple of 26?
True
Does 8 divide 1051?
False
Does 140 divide 13020?
True
Is 61 a factor of 53924?
True
Does 87 divide 11100?
False
Is 15 a factor of 1080?
True
Is 23190 a multiple of 5?
True
Does 161 divide 4508?
True
Is 21648 a multiple of 88?
True
Is 3973 a multiple of 137?
True
Is 15 a factor of 780?
True
Is 46530 a multiple of 3?
True
Is 4253 a multiple of 22?
False
Is 20493 a multiple of 27?
True
Does 6 divide 141?
False
Does 16 divide 1109?
False
Is 369 a multiple of 2?
False
Does 80 divide 4400?
True
Does 6 divide 654?
True
Does 5 divide 11941?
False
Is 8 a factor of 2095?
False
Is 90 a multiple of 10?
True
Does 28 divide 308?
True
Is 285 a factor of 62422?
False
Is 96 a factor of 1536?
True
Does 28 divide 1344?
True
Does 13 divide 221?
True
Is 21192 a multiple of 24?
True
Is 6960 a multiple of 16?
True
Is 109671 a multiple of 29?
False
Is 228 a factor of 8664?
True
Is 90429 a multiple of 9?
False
Is 358 a multiple of 4?
False
Does 30 divide 96036?
False
Is 9733 a multiple of 28?
False
Does 65 divide 2225?
False
Does 20 divide 560?
True
Is 3162 a multiple of 34?
True
Is 934 a multiple of 12?
False
Is 50676 a multiple of 309?
True
Is 412 a multiple of 15?
False
Does 27 divide 49161?
False
Does 11 divide 720?
False
Is 21 a factor of 375?
False
Is 483 a multiple of 21?
True
Is 399 a multiple of 66?
False
Is 11 a factor of 870?
False
Does 222 divide 17745?
False
Is 241 a multiple of 4?
False
Does 2 divide 2289?
False
Is 1291 a multiple of 26?
False
Does 13 divide 1326?
True
Is 17728 a multiple of 11?
False
Is 38 a factor of 3458?
True
Does 60 divide 10464?
False
Is 22785 a multiple of 31?
True
Is 15 a factor of 1440?
True
Is 9 a factor of 27443?
False
Is 4288 a multiple of 32?
True
Is 11 a factor of 33?
True
Is 2 a factor of 1558?
True
Is 215 a multiple of 11?
False
Does 35 divide 2660?
True
Is 10 a factor of 1591?
False
Does 2 divide 1336?
True
Is 183 a factor of 24975?
False
Is 30 a factor of 300?
True
Does 16 divide 298?
False
Is 17787 a multiple of 231?
True
Is 18610 a multiple of 10?
True
Is 137 a factor of 79186?
True
Is 14 a factor of 14835?
False
Is 67840 a multiple of 106?
True
Does 150 divide 24818?
False
Is 135 a multiple of 9?
True
Is 13 a factor of 5868?
False
Is 15 a factor of 3690?
True
Is 19 a factor of 3021?
True
Is 25 a factor of 63502?
False
Is 25 a factor of 110?
False
Is 306 a multiple of 34?
True
Does 31 divide 6917?
False
Is 73 a factor of 1314?
True
Is 110 a factor of 6710?
True
Is 10989 a multiple of 9?
True
Is 92 a factor of 2852?
True
Is 66 a multiple of 33?
True
Is 799 a multiple of 47?
True
Does 108 divide 1778?
False
Is 7581 a multiple of 3?
True
Does 16 divide 1152?
True
Does 20 divide 1280?
True
Does 5 divide 2674?
False
Is 12 a factor of 66679?
False
Does 7 divide 14560?
True
Is 176 a multiple of 8?
True
Is 7 a factor of 6286?
True
Is 37859 a multiple of 131?
True
Is 246 a multiple of 17?
False
Is 17 a factor of 6426?
True
Is 8470 a multiple of 45?
False
Does 8 divide 20456?
True
Is 4 a factor of 5735?
False
Is 6400 a multiple of 160?
True
Is 11 a factor of 45747?
False
Is 1741 a multiple of 16?
False
Is 516 a multiple of 3?
True
Is 10817 a multiple of 21?
False
Does 12 divide 1800?
True
Is 11058 a multiple of 97?
True
Is 6929 a multiple of 15?
False
Does 4 divide 1884?
True
Is 1939 a multiple of 4?
False
Is 923 even?
False
Is 6363 a multiple of 62?
False
Does 17 divide 6558?
False
Does 41 divide 39237?
True
Is 38924 a multiple of 44?
False
Is 1197 a multiple of 34?
False
Does 35 divide 1447?
False
Does 9 divide 915?
False
Does 12 divide 54471?
False
Does 3 divide 7797?
True
Does 121 divide 8416?
False
Is 13 a factor of 774?
False
Is 7 a factor of 2590?
True
Is 12 a factor of 3326?
False
Does 15 divide 43485?
True
Is 59 a factor of 4028?
False
Does 3 divide 685?
False
Does 155 divide 4455?
False
Is 72266 a multiple of 32?
False
Is 67 a factor of 4556?
True
Is 37 a factor of 2511?
False
Is 63 a factor of 14427?
True
Is 36 a factor of 10080?
True
Does 22 divide 62766?
True
Is 406 a multiple of 7?
True
Is 18250 a multiple of 10?
True
Is 306 a multiple of 18?
True
Is 10199 a multiple of 47?
True
Is 9 a factor of 30551?
False
Does 4 divide 463?
False
Does 15 divide 195?
True
Is 21 a factor of 9303?
True
Is 2413 even?
False
Is 2813 a multiple of 29?
True
Does 38 divide 4712?
True
Is 8 a factor of 5688?
True
Is 307 a multiple of 16?
False
Is 16960 a multiple of 10?
True
Is 1760 a multiple of 110?
True
Does 11 divide 1124?
False
Is 64 a factor of 42629?
False
Is 3910 a multiple of 16?
False
Is 10863 a multiple of 135?
False
Is 10 a factor of 541?
False
Is 28060 a multiple of 18?
False
Does 6 divide 83?
False
Is 22484 a multiple of 14?
True
Is 3773 a multiple of 77?
True
Is 102 a factor of 5202?
True
Is 192 a factor of 19392?
True
Is 1452 a multiple of 10?
False
Is 1750 a multipl